{"id":78,"date":"2014-08-03T08:59:53","date_gmt":"2014-08-03T08:59:53","guid":{"rendered":"http:\/\/panhey-gmbh.de\/?page_id=78"},"modified":"2014-08-03T09:01:04","modified_gmt":"2014-08-03T09:01:04","slug":"badsanierung","status":"publish","type":"page","link":"http:\/\/panhey-gmbh.de\/?page_id=78","title":{"rendered":"Badsanierung"},"content":{"rendered":"<p>Schnell und sauber installiert<\/p>\n<p>Das Traumbad nach Ma\u00df<\/p>\n<p>Der Wusch nach einem neuen Badezimmer wird oft von der Sorge ausgebremst, das Haus dadurch f\u00fcr Wochen zur Baustelle zu machen. Die Vorstellung von Stemmarbeiten, Staub und Schutt lassen das Verlangen nach zeitgem\u00e4\u00dfem Badespass schnell zum Albtraum werden. \u00c4ngste, die unbegr\u00fcndet sind, denn die Zeiten, in denen Fliesen abgestemmt und Rohre buchst\u00e4blich aus der Wand gerissen wurden, sind l\u00e4ngst vorbei.<\/p>\n<p>Die Badprofis von heute lassen das neue Traumbad mit der Technik der so genannten Vorwandinstallation entstehen. Wie die Bezeichnung schon vermuten l\u00e4sst, wird dabei vor der alten Wand eine neue aufgebaut, hinter der dann die Rohre verschwinden. Die alten Leitungen bleiben in der Wand. Sie werden nur totgelegt. Alte Fliesen m\u00fcssen auch nicht weichen, sie werden von der neuen Wand verdeckt. Diese wird mit einem stabilen St\u00e4nderwerk \u2013 an dem die Sanit\u00e4robjekte sicher befestigt werden k\u00f6nnen \u2013 aufgebaut und mit speziellen Paneelplatten beplankt. Maurerarbeiten sind folglich nicht n\u00f6tig und der Fliesenleger findet eine Oberfl\u00e4che auf der direkt gefliest werden kann.<\/p>\n<p>Die Technik der Vorwandinstallation erweist sich somit nicht nur als sauber und kosteng\u00fcnstig, weil schnell realisierbar, sondern auch als M\u00f6glichkeit, besondere Gestaltungsw\u00fcnsche zu erf\u00fcllen. Da die Elemente der Unterkonstruktion auch eigenst\u00e4ndig aufgebaut werden k\u00f6nnen, sind halbhohe Raumteiler oder sogar Trennw\u00e4nde im Handumdrehen Wirklichkeit im Bad. Die Meisterbetriebe der Innung f\u00fcr Sanit\u00e4r-, Heizungs- und Klimatechnik haben hier sehr viele Ideen f\u00fcr das Bad mit Pfiff im Griff.<\/p>\n<p><a href=\"http:\/\/panhey-gmbh.de\/wp-content\/uploads\/2014\/08\/PR-Bild-27-Badsanierung_roh.jpg\"><img loading=\"lazy\" decoding=\"async\" src=\"http:\/\/panhey-gmbh.de\/wp-content\/uploads\/2014\/08\/PR-Bild-27-Badsanierung_roh.jpg\" alt=\"PR-Bild-27-Badsanierung_roh\" width=\"224\" height=\"168\" class=\"alignnone size-full wp-image-79\" \/><\/a><br \/>\n(Bildquelle: TECE)<\/p>\n<p>Die Vorwandinstallation ist schnell realisierbar, verursacht beim Aufbau fast keinen Schmutz und macht Traumb\u00e4der nach Ma\u00df m\u00f6glich <\/p>\n","protected":false},"excerpt":{"rendered":"<p>Schnell und sauber installiert Das Traumbad nach Ma\u00df Der Wusch nach einem neuen Badezimmer wird oft von der Sorge ausgebremst, das Haus dadurch f\u00fcr Wochen zur Baustelle zu machen. Die Vorstellung von Stemmarbeiten, Staub und Schutt lassen das Verlangen nach zeitgem\u00e4\u00dfem Badespass schnell zum Albtraum werden. \u00c4ngste, die unbegr\u00fcndet sind, denn die Zeiten, in denen [&hellip;]<\/p>\n","protected":false},"author":1,"featured_media":0,"parent":0,"menu_order":0,"comment_status":"closed","ping_status":"closed","template":"","meta":{"footnotes":""},"class_list":["post-78","page","type-page","status-publish","hentry","post"],"_links":{"self":[{"href":"http:\/\/panhey-gmbh.de\/index.php?rest_route=\/wp\/v2\/pages\/78","targetHints":{"allow":["GET"]}}],"collection":[{"href":"http:\/\/panhey-gmbh.de\/index.php?rest_route=\/wp\/v2\/pages"}],"about":[{"href":"http:\/\/panhey-gmbh.de\/index.php?rest_route=\/wp\/v2\/types\/page"}],"author":[{"embeddable":true,"href":"http:\/\/panhey-gmbh.de\/index.php?rest_route=\/wp\/v2\/users\/1"}],"replies":[{"embeddable":true,"href":"http:\/\/panhey-gmbh.de\/index.php?rest_route=%2Fwp%2Fv2%2Fcomments&post=78"}],"version-history":[{"count":1,"href":"http:\/\/panhey-gmbh.de\/index.php?rest_route=\/wp\/v2\/pages\/78\/revisions"}],"predecessor-version":[{"id":80,"href":"http:\/\/panhey-gmbh.de\/index.php?rest_route=\/wp\/v2\/pages\/78\/revisions\/80"}],"wp:attachment":[{"href":"http:\/\/panhey-gmbh.de\/index.php?rest_route=%2Fwp%2Fv2%2Fmedia&parent=78"}],"curies":[{"name":"wp","href":"https:\/\/api.w.org\/{rel}","templated":true}]}}