{"id":73,"date":"2014-08-03T08:55:03","date_gmt":"2014-08-03T08:55:03","guid":{"rendered":"http:\/\/panhey-gmbh.de\/?page_id=73"},"modified":"2014-08-03T08:56:27","modified_gmt":"2014-08-03T08:56:27","slug":"warmwasser","status":"publish","type":"page","link":"http:\/\/panhey-gmbh.de\/?page_id=73","title":{"rendered":"Warmwasser"},"content":{"rendered":"<p>Warmwasser in Mehrfamilienh\u00e4usern<\/p>\n<p>Kontrolle jetzt gesetzlich vorgeschrieben<\/p>\n<p>Die Trinkwasserverordnung regelt die Anforderungen an die Qualit\u00e4t unseres wohl wichtigsten Lebensmittels: das Trinkwasser. Diese Verordnung ist die Messlatte f\u00fcr die Beschaffenheit des Wassers, welches die Wasserversorger liefern. Mehr noch: Hausbesitzer m\u00fcssen sicherstellen, dass das Trinkwasser ohne negative Ver\u00e4nderungen bis zu den Zapfh\u00e4hnen gelangt.<\/p>\n<p>Mit der neuen Trinkwasserverordnung, die am 1. November 2011 in Kraft getreten ist, besteht nun f\u00fcr den Hausbesitzer eine Nachweispflicht. In Mehrfamilienh\u00e4usern, in denen das Wasser f\u00fcr das ganze Haus in einem Speicher erw\u00e4rmt wird, gilt: Hat der Speicher einen Wasserinhalt von mehr als 400 Liter bzw. betr\u00e4gt das Rohrleitungsvolumen der Warmwasserleitung zwischen Speicher und einer Zapfstelle mehr als drei Liter, muss der Hausbesitzer die Installation einmal j\u00e4hrlich hinsichtlich eines m\u00f6glichen Legionellenbefalls kontrollieren lassen. <\/p>\n<p>Die in B\u00e4dern vorhandenen Duschk\u00f6pfe sind ganz besondere Entnahmestellen, da sie das Wasser verspr\u00fchen. Diese fein verteilten Fl\u00fcssigkeitstropfen in der Luft, sogenannte Aerosole, werden vom Menschen eingeatmet. Liegt eine Kontamination des Wassers vor, besteht die M\u00f6glichkeit, an der Krankheit namens Legionellose zu erkranken.<\/p>\n<p>Um m\u00f6gliche gesundheitliche Risiken, hervorgerufen durch chemische oder mikrobiologische Verunreinigung, zu minimieren, sollten Hausbesitzer fr\u00fchstm\u00f6glich die Meisterbetriebe der Innung f\u00fcr Sanit\u00e4r- und Heizungstechnik zurate ziehen. \u201eWir nehmen die Sicherung der Trinkwasserqualit\u00e4t sehr ernst und arbeiten daher in enger Abstimmung mit anderen Verantwortungstr\u00e4gern zusammen: Versorgern, Anlagenplanern und den Betreibern \u2013 unseren Kunden\u201c, betont der Sanit\u00e4r-Heizungs-Sachverst\u00e4ndige Ansgar Borgmann. Die Profis erkennen schnell, warum Legionellenbefall etc. besteht und wissen, was zu tun ist, um diesen dauerhaft zu beseitigen. Das stellt einwandfreies Warmwasser im Hause sicher und bedeutet auch, dass der Hausbesitzer seinen Sorgfaltspflichten nachgekommen ist.<\/p>\n<p><a href=\"http:\/\/panhey-gmbh.de\/wp-content\/uploads\/2014\/08\/PR-Bild-77-Warmwasserkontrolle.jpg\"><img loading=\"lazy\" decoding=\"async\" src=\"http:\/\/panhey-gmbh.de\/wp-content\/uploads\/2014\/08\/PR-Bild-77-Warmwasserkontrolle.jpg\" alt=\"PR-Bild-77-Warmwasserkontrolle\" width=\"168\" height=\"203\" class=\"alignnone size-full wp-image-74\" \/><\/a><br \/>\n(Quelle: Grohe)<\/p>\n<p>Pures Duschvergn\u00fcgen ohne Risiko: Der Gesetzgeber nimmt jetzt die Betreiber von Mehrfamilienh\u00e4usern in die Pflicht, das sicherzustellen. <\/p>\n","protected":false},"excerpt":{"rendered":"<p>Warmwasser in Mehrfamilienh\u00e4usern Kontrolle jetzt gesetzlich vorgeschrieben Die Trinkwasserverordnung regelt die Anforderungen an die Qualit\u00e4t unseres wohl wichtigsten Lebensmittels: das Trinkwasser. Diese Verordnung ist die Messlatte f\u00fcr die Beschaffenheit des Wassers, welches die Wasserversorger liefern. Mehr noch: Hausbesitzer m\u00fcssen sicherstellen, dass das Trinkwasser ohne negative Ver\u00e4nderungen bis zu den Zapfh\u00e4hnen gelangt. Mit der neuen Trinkwasserverordnung, [&hellip;]<\/p>\n","protected":false},"author":1,"featured_media":0,"parent":0,"menu_order":0,"comment_status":"closed","ping_status":"closed","template":"","meta":{"footnotes":""},"class_list":["post-73","page","type-page","status-publish","hentry","post"],"_links":{"self":[{"href":"http:\/\/panhey-gmbh.de\/index.php?rest_route=\/wp\/v2\/pages\/73","targetHints":{"allow":["GET"]}}],"collection":[{"href":"http:\/\/panhey-gmbh.de\/index.php?rest_route=\/wp\/v2\/pages"}],"about":[{"href":"http:\/\/panhey-gmbh.de\/index.php?rest_route=\/wp\/v2\/types\/page"}],"author":[{"embeddable":true,"href":"http:\/\/panhey-gmbh.de\/index.php?rest_route=\/wp\/v2\/users\/1"}],"replies":[{"embeddable":true,"href":"http:\/\/panhey-gmbh.de\/index.php?rest_route=%2Fwp%2Fv2%2Fcomments&post=73"}],"version-history":[{"count":2,"href":"http:\/\/panhey-gmbh.de\/index.php?rest_route=\/wp\/v2\/pages\/73\/revisions"}],"predecessor-version":[{"id":77,"href":"http:\/\/panhey-gmbh.de\/index.php?rest_route=\/wp\/v2\/pages\/73\/revisions\/77"}],"wp:attachment":[{"href":"http:\/\/panhey-gmbh.de\/index.php?rest_route=%2Fwp%2Fv2%2Fmedia&parent=73"}],"curies":[{"name":"wp","href":"https:\/\/api.w.org\/{rel}","templated":true}]}}