{"id":19,"date":"2014-08-02T14:52:54","date_gmt":"2014-08-02T14:52:54","guid":{"rendered":"http:\/\/panhey-gmbh.de\/?page_id=19"},"modified":"2014-08-03T08:10:02","modified_gmt":"2014-08-03T08:10:02","slug":"impressum","status":"publish","type":"page","link":"http:\/\/panhey-gmbh.de\/?page_id=19","title":{"rendered":"Impressum"},"content":{"rendered":"<p style=\"color: #000000;\">Herbert Panhey GmbH<\/p>\n<p>Donaustra\u00dfe 26<br \/>\n47809 Krefeld<\/p>\n<p style=\"color: #000000;\">Telefon: 02151 540337<br \/>\nTelefax: 02151 542725<br \/>\nE-Mail: panhey@t-online.de<br \/>\nInternet: http:\/\/panhey-gmbh.de<\/p>\n<p style=\"color: #000000;\">Vertretungsberechtigter Gesch\u00e4ftsf\u00fchrer:\u00a0Heribert Panhey<\/p>\n<p style=\"color: #000000;\">Registergericht: Amtsgericht Krefeld<br \/>\nRegisternummer: HR4768<\/p>\n<p style=\"color: #000000;\">Zust\u00e4ndige Kammer: Handwerkskammer\u00a0D\u00fcsseldorf<\/p>\n<p style=\"color: #000000;\">Georg-Schulhoff-Platz1 , 40221 D\u00fcsseldorf<\/p>\n<p style=\"color: #000000;\">Berufsbezeichnung: Gas.- und Wasserinstallateurmeister &#8211; Zentralheizungs.- und L\u00fcftungsbaumeister\u00a0(verliehen in der Bundesrepublik Deutschland)<\/p>\n<p style=\"color: #000000;\">Berufsrechtliche Regelungen: Handwerksordnung (Zu finden im Bundesgesetzblatt I, Seite 3074 in der Fassung vom 24. September 1998)<\/p>\n<p style=\"color: #000000;\">Inhaltlich Verantwortlicher gem\u00e4\u00df \u00a7 55 Abs. 2 RStV:\u00a0Heribert Panhey\u00a0(Anschrift wie oben)<\/p>\n<p style=\"color: #000000;\">Haftungshinweis: Trotz sorgf\u00e4ltiger inhaltlicher Kontrolle \u00fcbernehmen wir keine Haftung f\u00fcr die Inhalte externer Links. F\u00fcr den Inhalt der verlinkten Seiten sind ausschlie\u00dflich deren Betreiber verantwortlich.<\/p>\n<p style=\"color: #000000;\">Datenschutzhinweis: Die Durchf\u00fchrung unserer Internet-Aktivit\u00e4ten ber\u00fchrt in einigen Punkten auch datenschutzrechtliche Aspekte.<\/p>\n<p style=\"color: #000000;\">Der Schutz pers\u00f6nlicher Daten ist f\u00fcr uns sehr wichtig, weshalb wir streng darauf achten, dass unser Umgang mit pers\u00f6nlichen Daten im Einklang mit den Bestimmungen des Bundesdatenschutzgesetzes (BDSG) sowie weiterer Vorschriften des Datenschutzes im Internet steht.<\/p>\n<p style=\"color: #000000;\">Relevante Daten sind im Datenschutz die so genannten pers\u00f6nlichen Daten. Das sind solche Informationen, die man dazu nutzen kann, Ihre Identit\u00e4t zu erfahren. Wichtigste Beispiele sind insbesondere der Name, die Anschrift und die Telefonnummer einer Person.<\/p>\n<p style=\"color: #000000;\">Der Datenerhebung und -speicherung kann jederzeit mit Wirkung f\u00fcr die Zukunft widersprochen werden. Sie sind selbstverst\u00e4ndlich berechtigt, auf Antrag und unentgeltlich, Auskunft \u00fcber die von Ihnen gespeicherten Daten zu erhalten. Des Weiteren haben Sie das Recht auf Berichtigung, L\u00f6schung oder Sperrung unrichtiger Daten.<\/p>\n<p style=\"color: #000000;\">Soweit Daten f\u00fcr abrechnungstechnische und buchhalterische Zwecke genutzt werden, sind sie von einer K\u00fcndigung beziehungsweise von einer L\u00f6schung nicht ber\u00fchrt.<\/p>\n<p style=\"color: #000000;\">Links zu Websites anderer Anbieter, die in unserem Angebot enthalten sind, werden von dieser Datenschutzerkl\u00e4rung nicht umfasst. Wir haben keinen Einfluss darauf, dass deren Betreiber die Datenschutzbestimmungen einhalten.<\/p>\n<h4 style=\"font-weight: bold; color: #292929;\">Kontaktaufnahme vor Abmahnung<\/h4>\n<p style=\"color: #292929;\">Sollten durch den Inhalt oder die Gestaltung dieser Seite Rechte Dritter oder gesetzliche Bestimmungen verletzt werden, so bitten wir um eine entsprechende Nachricht ohne Kostennote. Zu Recht beanstandete Teile werden unverz\u00fcglich entfernt ohne dass von Ihrer Seite die Einschaltung eines Rechtsbeistandes erforderlich ist. Sollten Sie gleichwohl einen Anwalt beauftragen, k\u00f6nnen sie dessen Kosten gem. der Schadensminderungspflicht nach\u00a0<a style=\"color: #292929;\" href=\"http:\/\/www.gesetze-im-internet.de\/bgb\/__254.html\" target=\"_blank\">\u00a7 254 BGB<\/a>\u00a0nicht geltend machen.<\/p>\n<pre><\/pre>\n","protected":false},"excerpt":{"rendered":"<p>Herbert Panhey GmbH Donaustra\u00dfe 26 47809 Krefeld Telefon: 02151 540337 Telefax: 02151 542725 E-Mail: panhey@t-online.de Internet: http:\/\/panhey-gmbh.de Vertretungsberechtigter Gesch\u00e4ftsf\u00fchrer:\u00a0Heribert Panhey Registergericht: Amtsgericht Krefeld Registernummer: HR4768 Zust\u00e4ndige Kammer: Handwerkskammer\u00a0D\u00fcsseldorf Georg-Schulhoff-Platz1 , 40221 D\u00fcsseldorf Berufsbezeichnung: Gas.- und Wasserinstallateurmeister &#8211; Zentralheizungs.- und L\u00fcftungsbaumeister\u00a0(verliehen in der Bundesrepublik Deutschland) Berufsrechtliche Regelungen: Handwerksordnung (Zu finden im Bundesgesetzblatt I, Seite 3074 in [&hellip;]<\/p>\n","protected":false},"author":1,"featured_media":0,"parent":0,"menu_order":0,"comment_status":"closed","ping_status":"closed","template":"","meta":{"footnotes":""},"class_list":["post-19","page","type-page","status-publish","hentry","post"],"_links":{"self":[{"href":"http:\/\/panhey-gmbh.de\/index.php?rest_route=\/wp\/v2\/pages\/19","targetHints":{"allow":["GET"]}}],"collection":[{"href":"http:\/\/panhey-gmbh.de\/index.php?rest_route=\/wp\/v2\/pages"}],"about":[{"href":"http:\/\/panhey-gmbh.de\/index.php?rest_route=\/wp\/v2\/types\/page"}],"author":[{"embeddable":true,"href":"http:\/\/panhey-gmbh.de\/index.php?rest_route=\/wp\/v2\/users\/1"}],"replies":[{"embeddable":true,"href":"http:\/\/panhey-gmbh.de\/index.php?rest_route=%2Fwp%2Fv2%2Fcomments&post=19"}],"version-history":[{"count":8,"href":"http:\/\/panhey-gmbh.de\/index.php?rest_route=\/wp\/v2\/pages\/19\/revisions"}],"predecessor-version":[{"id":29,"href":"http:\/\/panhey-gmbh.de\/index.php?rest_route=\/wp\/v2\/pages\/19\/revisions\/29"}],"wp:attachment":[{"href":"http:\/\/panhey-gmbh.de\/index.php?rest_route=%2Fwp%2Fv2%2Fmedia&parent=19"}],"curies":[{"name":"wp","href":"https:\/\/api.w.org\/{rel}","templated":true}]}}